{"id":54,"date":"2025-02-08T17:10:05","date_gmt":"2025-02-08T16:10:05","guid":{"rendered":"http:\/\/warmiaimazuryalternatywnie.pl\/?page_id=54"},"modified":"2025-03-02T04:53:37","modified_gmt":"2025-03-02T03:53:37","slug":"strona-glowna","status":"publish","type":"page","link":"http:\/\/warmiaimazuryalternatywnie.pl\/","title":{"rendered":"Strona g\u0142\u00f3wna"},"content":{"rendered":"\n<div class=\"wp-block-cover alignfull\" style=\"min-height:700px;aspect-ratio:unset;\"><span aria-hidden=\"true\" class=\"wp-block-cover__background has-background-dim-60 has-background-dim\" style=\"background-color:#61513a\"><\/span><img decoding=\"async\" class=\"wp-block-cover__image-background wp-image-57\" alt=\"\" src=\"http:\/\/warmiaimazuryalternatywnie.pl\/wp-content\/uploads\/2025\/02\/5_20220402_172605433_SEPIA.jpg\" data-object-fit=\"cover\"\/><div class=\"wp-block-cover__inner-container is-layout-constrained wp-block-cover-is-layout-constrained\">\n<h1 class=\"wp-block-heading has-text-align-center has-white-color has-text-color has-link-color wp-elements-bfa558f9bd020fc2f25038562cf1c304\" style=\"font-size:62px;letter-spacing:2px\"><strong>WARMIA I MAZURY<\/strong> ALTERNATYWNIE<\/h1>\n\n\n\n<p class=\"has-text-align-center has-x-large-font-size\"><strong>Historia, smaki, muzyka<\/strong> &#8211;<strong> odkrywaj je ze mn\u0105!<\/strong><\/p>\n\n\n\n<p class=\"has-text-align-center has-white-color has-text-color has-link-color has-medium-font-size wp-elements-65bfff421390eb08b972227d08aa7819\">Nie zmarnuj\u0119 \u017cadnej okazji, by przedstawi\u0107 Ci ciekawostki i tajemnice zwi\u0105zane z moj\u0105 ma\u0142\u0105 ojczyzn\u0105.<\/p>\n\n\n\n<div class=\"wp-block-buttons is-horizontal is-content-justification-center is-nowrap is-layout-flex wp-container-core-buttons-is-layout-fc65f29c wp-block-buttons-is-layout-flex\">\n<div class=\"wp-block-button has-custom-font-size is-style-outline has-medium-font-size is-style-outline--1\"><a class=\"wp-block-button__link has-white-color has-text-color has-link-color has-text-align-center wp-element-button\" href=\"http:\/\/warmiaimazuryalternatywnie.pl\/?page_id=221\">Zobacz, co dla Ciebie mam!<\/a><\/div>\n<\/div>\n<\/div><\/div>\n\n\n\n<div style=\"height:100px\" aria-hidden=\"true\" class=\"wp-block-spacer\"><\/div>\n\n\n\n<div class=\"wp-block-group\"><div class=\"wp-block-group__inner-container is-layout-constrained wp-block-group-is-layout-constrained\">\n<h2 class=\"wp-block-heading has-text-align-center has-x-large-font-size\">Ze mn\u0105 odkryjesz <\/h2>\n\n\n\n<div style=\"height:30px\" aria-hidden=\"true\" class=\"wp-block-spacer\"><\/div>\n\n\n\n<div class=\"wp-block-columns is-layout-flex wp-container-core-columns-is-layout-9d6595d7 wp-block-columns-is-layout-flex\">\n<div class=\"wp-block-column is-layout-flow wp-block-column-is-layout-flow\">\n<h3 class=\"wp-block-heading has-text-align-center has-medium-font-size\"><strong>HISTORI\u0118<\/strong><\/h3>\n\n\n<div class=\"wp-block-image is-style-rounded\">\n<figure class=\"aligncenter size-medium\"><img loading=\"lazy\" decoding=\"async\" width=\"300\" height=\"224\" src=\"http:\/\/warmiaimazuryalternatywnie.pl\/wp-content\/uploads\/2025\/02\/IMG_20211003_104958279_HDR-300x224.jpg\" alt=\"\" class=\"wp-image-197\" srcset=\"http:\/\/warmiaimazuryalternatywnie.pl\/wp-content\/uploads\/2025\/02\/IMG_20211003_104958279_HDR-300x224.jpg 300w, http:\/\/warmiaimazuryalternatywnie.pl\/wp-content\/uploads\/2025\/02\/IMG_20211003_104958279_HDR-1024x766.jpg 1024w, http:\/\/warmiaimazuryalternatywnie.pl\/wp-content\/uploads\/2025\/02\/IMG_20211003_104958279_HDR-768x575.jpg 768w, http:\/\/warmiaimazuryalternatywnie.pl\/wp-content\/uploads\/2025\/02\/IMG_20211003_104958279_HDR-1536x1149.jpg 1536w, http:\/\/warmiaimazuryalternatywnie.pl\/wp-content\/uploads\/2025\/02\/IMG_20211003_104958279_HDR-2048x1532.jpg 2048w\" sizes=\"auto, (max-width: 300px) 100vw, 300px\" \/><\/figure>\n<\/div>\n\n\n<p class=\"has-text-align-center has-medium-font-size\" style=\"font-style:normal;font-weight:500\">Warmii i Mazur, poniewa\u017c zabior\u0119 Ci\u0119 w podr\u00f3\u017c po niezwyk\u0142ych historiach zakl\u0119tych w murach gotyckich zamk\u00f3w, \u015bredniowiecznych ko\u015bcio\u0142\u00f3w i ukrytych w\u015br\u00f3d pag\u00f3rk\u00f3w \u015bcie\u017ckach, gdzie czas zdaje si\u0119 sta\u0107 w miejscu. Odkryj opowie\u015bci o dawnych mieszka\u0144cach regionu, tajemnice krzy\u017cackich rycerzy i \u00a0pruskich lauks\u00f3w oraz niesamowite wydarzenia, kt\u00f3re wp\u0142yn\u0119\u0142y na losy tej krainy. Z moj\u0105 pomoc\u0105 ka\u017cda lokalna \u015bcie\u017cka czy ceglana ruina zyska nowy wymiar, pe\u0142en \u017cycia i fascynacji.<\/p>\n<\/div>\n\n\n\n<div class=\"wp-block-column is-layout-flow wp-block-column-is-layout-flow\">\n<h3 class=\"wp-block-heading has-text-align-center has-medium-font-size\"><strong>SMAKI<\/strong><\/h3>\n\n\n<div class=\"wp-block-image is-style-rounded\">\n<figure class=\"aligncenter size-medium\"><img loading=\"lazy\" decoding=\"async\" width=\"300\" height=\"225\" src=\"http:\/\/warmiaimazuryalternatywnie.pl\/wp-content\/uploads\/2025\/02\/Zupa-klopsowa-3-300x225.jpg\" alt=\"\" class=\"wp-image-258\" srcset=\"http:\/\/warmiaimazuryalternatywnie.pl\/wp-content\/uploads\/2025\/02\/Zupa-klopsowa-3-300x225.jpg 300w, http:\/\/warmiaimazuryalternatywnie.pl\/wp-content\/uploads\/2025\/02\/Zupa-klopsowa-3-768x576.jpg 768w, http:\/\/warmiaimazuryalternatywnie.pl\/wp-content\/uploads\/2025\/02\/Zupa-klopsowa-3.jpg 1024w\" sizes=\"auto, (max-width: 300px) 100vw, 300px\" \/><\/figure>\n<\/div>\n\n\n<p class=\"has-text-align-center has-medium-font-size\" style=\"font-style:normal;font-weight:500\">Warmii i Mazur, poniewa\u017c wsp\u00f3lnie odkryjemy kulinarne dziedzictwo tej ziemi. Od&nbsp;ciep\u0142ej zupy klopsowej, przez pachn\u0105ce dzyndza\u0142ki warmi\u0144skie i domowe ciasta&nbsp;z&nbsp;owocami prosto&nbsp;z&nbsp;warmi\u0144skich sad\u00f3w, po&nbsp;ryby z\u0142owione w&nbsp;krystalicznie czystych jeziorach. Przypomnimy sobie dawne przepisy, zapomniane smaki dzieci\u0144stwa&nbsp;i&nbsp;lokalne specja\u0142y, kt\u00f3rych nie znajdziesz nigdzie indziej. B\u0119d\u0119 Twoim przewodnikiem&nbsp;w&nbsp;tej podr\u00f3\u017cy smak\u00f3w, odkrywaj\u0105c miejsca, gdzie tradycja \u0142\u0105czy si\u0119&nbsp;z&nbsp;nowoczesno\u015bci\u0105.<\/p>\n<\/div>\n\n\n\n<div class=\"wp-block-column is-layout-flow wp-block-column-is-layout-flow\" style=\"font-style:normal;font-weight:500\">\n<h3 class=\"wp-block-heading has-text-align-center has-medium-font-size\"><strong>MUZYK\u0118<\/strong><\/h3>\n\n\n<div class=\"wp-block-image is-style-rounded\">\n<figure class=\"aligncenter size-medium\"><img loading=\"lazy\" decoding=\"async\" width=\"300\" height=\"225\" src=\"http:\/\/warmiaimazuryalternatywnie.pl\/wp-content\/uploads\/2025\/02\/Muzyka-300x225.jpg\" alt=\"\" class=\"wp-image-218\" srcset=\"http:\/\/warmiaimazuryalternatywnie.pl\/wp-content\/uploads\/2025\/02\/Muzyka-300x225.jpg 300w, http:\/\/warmiaimazuryalternatywnie.pl\/wp-content\/uploads\/2025\/02\/Muzyka.jpg 512w\" sizes=\"auto, (max-width: 300px) 100vw, 300px\" \/><\/figure>\n<\/div>\n\n\n<p class=\"has-text-align-center has-medium-font-size\">Warmii i Mazur, poniewa\u017c muzyka jest sercem tej krainy&nbsp;\u2013 od d\u017awi\u0119k\u00f3w natury, szumu jezior i&nbsp;\u015bpiewu ptak\u00f3w, po&nbsp;tradycyjne pie\u015bni, kt\u00f3re opowiadaj\u0105 o&nbsp;codziennym \u017cyciu mieszka\u0144c\u00f3w. Zabior\u0119 Ci\u0119 w&nbsp;miejsca, gdzie kultura muzyczna regionu wci\u0105\u017c \u017cyje &#8211;&nbsp;do&nbsp;ma\u0142ych sal koncertowych, gdzie lokalni arty\u015bci wyst\u0119puj\u0105 z&nbsp;pasj\u0105, i&nbsp;na festiwale, kt\u00f3re przyci\u0105gaj\u0105 tw\u00f3rc\u00f3w z&nbsp;ca\u0142ego \u015bwiata. Odkryjesz tu&nbsp;muzyk\u0119, kt\u00f3ra wzrusza, inspiruje i&nbsp;pozostaje w&nbsp;sercu na&nbsp;zawsze.<\/p>\n<\/div>\n<\/div>\n<\/div><\/div>\n\n\n\n<div style=\"height:75px\" aria-hidden=\"true\" class=\"wp-block-spacer\"><\/div>\n\n\n\n<div class=\"wp-block-cover alignfull\" style=\"min-height:300px;aspect-ratio:unset;\"><span aria-hidden=\"true\" class=\"wp-block-cover__background has-background-dim-0 has-background-dim\"><\/span><img loading=\"lazy\" decoding=\"async\" width=\"1280\" height=\"853\" class=\"wp-block-cover__image-background wp-image-156\" alt=\"\" src=\"http:\/\/warmiaimazuryalternatywnie.pl\/wp-content\/uploads\/2025\/02\/Maszty.jpg\" style=\"object-position:54% 51%\" data-object-fit=\"cover\" data-object-position=\"54% 51%\" srcset=\"http:\/\/warmiaimazuryalternatywnie.pl\/wp-content\/uploads\/2025\/02\/Maszty.jpg 1280w, http:\/\/warmiaimazuryalternatywnie.pl\/wp-content\/uploads\/2025\/02\/Maszty-300x200.jpg 300w, http:\/\/warmiaimazuryalternatywnie.pl\/wp-content\/uploads\/2025\/02\/Maszty-1024x682.jpg 1024w, http:\/\/warmiaimazuryalternatywnie.pl\/wp-content\/uploads\/2025\/02\/Maszty-768x512.jpg 768w\" sizes=\"auto, (max-width: 1280px) 100vw, 1280px\" \/><div class=\"wp-block-cover__inner-container is-layout-constrained wp-block-cover-is-layout-constrained\">\n<h2 class=\"wp-block-heading has-text-align-center has-white-color has-text-color has-link-color has-x-large-font-size wp-elements-d6730a6ccaa010556bb70433e3e5b8e9\">Dlaczego Warto Wybra\u0107 Mnie Jako<br>Przewodnika Po Warmii i Mazurach?<\/h2>\n<\/div><\/div>\n\n\n\n<div style=\"height:10px\" aria-hidden=\"true\" class=\"wp-block-spacer\"><\/div>\n\n\n\n<p class=\"has-text-align-left has-medium-font-size\">Warmia i Mazury to moja ma\u0142a ojczyzna i najwi\u0119ksza pasja. Jako przewodnik nie zmarnuj\u0119 \u017cadnej okazji, by podzieli\u0107 si\u0119 z Tob\u0105 jej niezwyk\u0142\u0105 histori\u0105, ciekawostkami i tajemnicami.<br>Znam te miejsca jak w\u0142asn\u0105 kiesze\u0144 \u2013 od \u015bredniowiecznych zamk\u00f3w, przez ukryte \u015bcie\u017cki, a\u017c po smaki, kt\u00f3re pami\u0119taj\u0105 dawni mieszka\u0144cy. Uwielbiam lokaln\u0105 kuchni\u0119 i ch\u0119tnie odkryj\u0119 przed Tob\u0105 zapomniane przepisy oraz nieznane ju\u017c smaki.<br>Warmia i Mazury to r\u00f3wnie\u017c muzyka \u2013 d\u017awi\u0119ki natury przeplataj\u0105 si\u0119 tu z histori\u0105 regionalnej sceny muzycznej. Je\u015bli chcesz odkry\u0107 ten region w spos\u00f3b inny ni\u017c wszyscy \u2013 zapraszam do wsp\u00f3lnej podr\u00f3\u017cy pe\u0142nej historii, smaku i pasji!<\/p>\n\n\n\n<p><\/p>\n","protected":false},"excerpt":{"rendered":"<p>Ze mn\u0105 odkryjesz HISTORI\u0118 Warmii i Mazur, poniewa\u017c zabior\u0119 Ci\u0119 w podr\u00f3\u017c po niezwyk\u0142ych historiach zakl\u0119tych w murach gotyckich zamk\u00f3w, \u015bredniowiecznych ko\u015bcio\u0142\u00f3w i ukrytych w\u015br\u00f3d pag\u00f3rk\u00f3w \u015bcie\u017ckach, gdzie czas zdaje si\u0119 sta\u0107 w miejscu. Odkryj opowie\u015bci o dawnych mieszka\u0144cach regionu, tajemnice krzy\u017cackich rycerzy i \u00a0pruskich lauks\u00f3w oraz niesamowite wydarzenia, kt\u00f3re wp\u0142yn\u0119\u0142y na losy tej krainy. [&hellip;]<\/p>\n","protected":false},"author":1,"featured_media":0,"parent":0,"menu_order":0,"comment_status":"closed","ping_status":"closed","template":"","meta":{"ocean_post_layout":"","ocean_both_sidebars_style":"","ocean_both_sidebars_content_width":0,"ocean_both_sidebars_sidebars_width":0,"ocean_sidebar":"","ocean_second_sidebar":"","ocean_disable_margins":"on","ocean_add_body_class":"","ocean_shortcode_before_top_bar":"","ocean_shortcode_after_top_bar":"","ocean_shortcode_before_header":"","ocean_shortcode_after_header":"","ocean_has_shortcode":"","ocean_shortcode_after_title":"","ocean_shortcode_before_footer_widgets":"","ocean_shortcode_after_footer_widgets":"","ocean_shortcode_before_footer_bottom":"","ocean_shortcode_after_footer_bottom":"","ocean_display_top_bar":"default","ocean_display_header":"default","ocean_header_style":"","ocean_center_header_left_menu":"","ocean_custom_header_template":"","ocean_custom_logo":0,"ocean_custom_retina_logo":0,"ocean_custom_logo_max_width":0,"ocean_custom_logo_tablet_max_width":0,"ocean_custom_logo_mobile_max_width":0,"ocean_custom_logo_max_height":0,"ocean_custom_logo_tablet_max_height":0,"ocean_custom_logo_mobile_max_height":0,"ocean_header_custom_menu":"","ocean_menu_typo_font_family":"","ocean_menu_typo_font_subset":"","ocean_menu_typo_font_size":0,"ocean_menu_typo_font_size_tablet":0,"ocean_menu_typo_font_size_mobile":0,"ocean_menu_typo_font_size_unit":"px","ocean_menu_typo_font_weight":"","ocean_menu_typo_font_weight_tablet":"","ocean_menu_typo_font_weight_mobile":"","ocean_menu_typo_transform":"","ocean_menu_typo_transform_tablet":"","ocean_menu_typo_transform_mobile":"","ocean_menu_typo_line_height":0,"ocean_menu_typo_line_height_tablet":0,"ocean_menu_typo_line_height_mobile":0,"ocean_menu_typo_line_height_unit":"","ocean_menu_typo_spacing":0,"ocean_menu_typo_spacing_tablet":0,"ocean_menu_typo_spacing_mobile":0,"ocean_menu_typo_spacing_unit":"","ocean_menu_link_color":"","ocean_menu_link_color_hover":"","ocean_menu_link_color_active":"","ocean_menu_link_background":"","ocean_menu_link_hover_background":"","ocean_menu_link_active_background":"","ocean_menu_social_links_bg":"","ocean_menu_social_hover_links_bg":"","ocean_menu_social_links_color":"","ocean_menu_social_hover_links_color":"","ocean_disable_title":"default","ocean_disable_heading":"default","ocean_post_title":"","ocean_post_subheading":"","ocean_post_title_style":"","ocean_post_title_background_color":"","ocean_post_title_background":0,"ocean_post_title_bg_image_position":"","ocean_post_title_bg_image_attachment":"","ocean_post_title_bg_image_repeat":"","ocean_post_title_bg_image_size":"","ocean_post_title_height":0,"ocean_post_title_bg_overlay":0.5,"ocean_post_title_bg_overlay_color":"","ocean_disable_breadcrumbs":"default","ocean_breadcrumbs_color":"","ocean_breadcrumbs_separator_color":"","ocean_breadcrumbs_links_color":"","ocean_breadcrumbs_links_hover_color":"","ocean_display_footer_widgets":"default","ocean_display_footer_bottom":"default","ocean_custom_footer_template":"","footnotes":""},"class_list":["post-54","page","type-page","status-publish","hentry","entry"],"_links":{"self":[{"href":"http:\/\/warmiaimazuryalternatywnie.pl\/index.php?rest_route=\/wp\/v2\/pages\/54","targetHints":{"allow":["GET"]}}],"collection":[{"href":"http:\/\/warmiaimazuryalternatywnie.pl\/index.php?rest_route=\/wp\/v2\/pages"}],"about":[{"href":"http:\/\/warmiaimazuryalternatywnie.pl\/index.php?rest_route=\/wp\/v2\/types\/page"}],"author":[{"embeddable":true,"href":"http:\/\/warmiaimazuryalternatywnie.pl\/index.php?rest_route=\/wp\/v2\/users\/1"}],"replies":[{"embeddable":true,"href":"http:\/\/warmiaimazuryalternatywnie.pl\/index.php?rest_route=%2Fwp%2Fv2%2Fcomments&post=54"}],"version-history":[{"count":95,"href":"http:\/\/warmiaimazuryalternatywnie.pl\/index.php?rest_route=\/wp\/v2\/pages\/54\/revisions"}],"predecessor-version":[{"id":270,"href":"http:\/\/warmiaimazuryalternatywnie.pl\/index.php?rest_route=\/wp\/v2\/pages\/54\/revisions\/270"}],"wp:attachment":[{"href":"http:\/\/warmiaimazuryalternatywnie.pl\/index.php?rest_route=%2Fwp%2Fv2%2Fmedia&parent=54"}],"curies":[{"name":"wp","href":"https:\/\/api.w.org\/{rel}","templated":true}]}}